{"id":24,"date":"2018-08-25T20:20:59","date_gmt":"2018-08-25T18:20:59","guid":{"rendered":"http:\/\/zoocentrumsrdov.cz\/?page_id=24"},"modified":"2018-10-01T20:34:32","modified_gmt":"2018-10-01T18:34:32","slug":"co-zde-chovame","status":"publish","type":"page","link":"https:\/\/zoocentrumsrdov.cz\/?page_id=24","title":{"rendered":"Co zde chov\u00e1me"},"content":{"rendered":"<p><div class=\"fusion-fullwidth fullwidth-box fusion-builder-row-1 nonhundred-percent-fullwidth non-hundred-percent-height-scrolling\" style=\"--awb-border-radius-top-left:0px;--awb-border-radius-top-right:0px;--awb-border-radius-bottom-right:0px;--awb-border-radius-bottom-left:0px;--awb-flex-wrap:wrap;\" ><div class=\"fusion-builder-row fusion-row\"><div class=\"fusion-layout-column fusion_builder_column fusion-builder-column-0 fusion_builder_column_1_1 1_1 fusion-one-full fusion-column-first fusion-column-last\" style=\"--awb-bg-size:cover;\"><div class=\"fusion-column-wrapper fusion-flex-column-wrapper-legacy\"><div class=\"fusion-text fusion-text-1\"><table style=\"height: 2199px;\" border=\"0\" width=\"1147\">\n<tbody>\n<tr>\n<td style=\"width: 1137.015625px;\" colspan=\"2\" valign=\"top\" height=\"251\"><span style=\"color: #ffffff;\">Hlavn\u00ed zam\u011b\u0159en\u00ed centra je na u n\u00e1s \u017eij\u00edc\u00ed, sp\u00e1rkatou zv\u011b\u0159<\/span><\/p>\n<h3><span style=\"color: #ffffff;\">Jelen sika Dybowsk\u00e9ho<\/span><\/h3>\n<p><span style=\"color: #ffffff;\">Domovina tohoto jelena je severov\u00fdchodn\u00ed Asie (Mand\u017eusko), u hranice \u010c\u00edny s KLDR. Za\u010d\u00e1tkem minul\u00e9ho stolet\u00ed byl dovezen do \u010ceskoslovenska p\u016fvodn\u011b jako oborn\u00ed zv\u011b\u0159. Za druh\u00e9 sv\u011btov\u00e9 v\u00e1lky byla \u010d\u00e1st obor rozbita a dnes \u017eije m\u00edsty voln\u011b. Tento druh jelena siky nen\u00ed v \u0159\u00edji agresivn\u00ed. Ka\u017ed\u00fd jelen se<\/span><br \/>\n<span style=\"color: #ffffff;\">v pr\u016fb\u011bhu \u0159\u00edje postav\u00ed v\u011bt\u0161inou na jeden konec lesa, netroub\u00ed jako jelen evropsk\u00fd, ale hlasit\u011b p\u00edsk\u00e1. P\u00edsk\u00e1n\u00ed m\u00e1 vysok\u00fd t\u00f3n, a\u017e takov\u00fd, jako kdy\u017e \u010dlov\u011bk p\u00edskne na prsty. Toto p\u00edsk\u00e1n\u00ed je daleko sly\u0161iteln\u00e9 a la\u0148 si podle \u201ekvality\u201c a d\u00e9lky hvizdu vybere toho nejlep\u0161\u00edho jelena. Jde za n\u00edm a sp\u00e1\u0159\u00ed se s n\u00edm. Tedy u tohoto druhu si samice sama vybere samce, dle sv\u00e9ho vkusu. To, \u017ee jeleni o la\u0148 nebojuj\u00ed, je hlavn\u00ed d\u016fvod, pro\u010d<\/span><br \/>\n<span style=\"color: #ffffff;\">u t\u011bchto zv\u00ed\u0159at nen\u00ed tak rozvinuta agresivita. Naopak jeho bl\u00edzk\u00fd p\u0159\u00edbuzn\u00fd sika japonsk\u00fd je velmi agresivn\u00ed.<\/span><\/td>\n<\/tr>\n<tr>\n<td style=\"width: 560.5px;\" height=\"139\"><img decoding=\"async\" class=\"size-full wp-image-919 aligncenter\" src=\"http:\/\/zoocentrumsrdov.cz\/wp-content\/uploads\/2018\/09\/DSC02634_01.jpg\" alt=\"\" width=\"1000\" height=\"667\" srcset=\"https:\/\/zoocentrumsrdov.cz\/wp-content\/uploads\/2018\/09\/DSC02634_01-200x133.jpg 200w, https:\/\/zoocentrumsrdov.cz\/wp-content\/uploads\/2018\/09\/DSC02634_01-300x200.jpg 300w, https:\/\/zoocentrumsrdov.cz\/wp-content\/uploads\/2018\/09\/DSC02634_01-400x267.jpg 400w, https:\/\/zoocentrumsrdov.cz\/wp-content\/uploads\/2018\/09\/DSC02634_01-600x400.jpg 600w, https:\/\/zoocentrumsrdov.cz\/wp-content\/uploads\/2018\/09\/DSC02634_01-768x512.jpg 768w, https:\/\/zoocentrumsrdov.cz\/wp-content\/uploads\/2018\/09\/DSC02634_01-800x534.jpg 800w, https:\/\/zoocentrumsrdov.cz\/wp-content\/uploads\/2018\/09\/DSC02634_01.jpg 1000w\" sizes=\"(max-width: 1000px) 100vw, 1000px\" \/><\/td>\n<td style=\"width: 570.515625px;\"><img decoding=\"async\" class=\" wp-image-920 aligncenter\" src=\"http:\/\/zoocentrumsrdov.cz\/wp-content\/uploads\/2018\/09\/DSC02639_01.jpg\" alt=\"\" width=\"452\" height=\"369\" srcset=\"https:\/\/zoocentrumsrdov.cz\/wp-content\/uploads\/2018\/09\/DSC02639_01-200x163.jpg 200w, https:\/\/zoocentrumsrdov.cz\/wp-content\/uploads\/2018\/09\/DSC02639_01-300x245.jpg 300w, https:\/\/zoocentrumsrdov.cz\/wp-content\/uploads\/2018\/09\/DSC02639_01-400x327.jpg 400w, https:\/\/zoocentrumsrdov.cz\/wp-content\/uploads\/2018\/09\/DSC02639_01-600x490.jpg 600w, https:\/\/zoocentrumsrdov.cz\/wp-content\/uploads\/2018\/09\/DSC02639_01-768x627.jpg 768w, https:\/\/zoocentrumsrdov.cz\/wp-content\/uploads\/2018\/09\/DSC02639_01-800x654.jpg 800w, https:\/\/zoocentrumsrdov.cz\/wp-content\/uploads\/2018\/09\/DSC02639_01.jpg 1000w\" sizes=\"(max-width: 452px) 100vw, 452px\" \/><\/td>\n<\/tr>\n<tr>\n<td style=\"width: 1137.015625px;\" colspan=\"2\" valign=\"top\" height=\"207\">\n<h3><\/h3>\n<h3><span style=\"color: #ffffff;\">Koza bezo\u00e1rov\u00e1- UNIK\u00c1TN\u00cd CHOV a na\u0161e velk\u00e1 p\u00fdcha a vz\u00e1cnost v cel\u00e9 \u010cesk\u00e9 republice, kde se tato zv\u011b\u0159 nechov\u00e1 ani v jedn\u00e9 zoologick\u00e9 zahrad\u011b.<\/span><\/h3>\n<p><span style=\"color: #ffffff;\">Tyto kozy jsou naprosto divok\u00e9. Dnes \u017eij\u00ed voln\u011b v p\u0159\u00edrod\u011b Evropy pouze na n\u011bkter\u00fdch \u0159eck\u00fdch ostrovech. D\u00e1le pak v tureck\u00fdch, ir\u00e1nsk\u00fdch a afg\u00e1nsk\u00fdch hor\u00e1ch. V\u011bdci rozborem DNA potvrdili, \u017ee tyto kozy jsou prap\u0159edci v\u0161ech druh\u016f dom\u00e1c\u00edch koz. Rohy t\u011bchto divok\u00fdch zv\u00ed\u0159at , na rozd\u00edl od dom\u00e1c\u00edch koz, dosahuj\u00ed impozantn\u00edch rozm\u011br\u016f a nen\u00ed vz\u00e1cnost kdy\u017e dosahuj\u00ed i 120 cm d\u00e9lky. Dom\u00e1c\u00ed kozy v\u0161ak maj\u00ed rohy sto\u010deny do strany od t\u011bla a rohy divok\u00fdch koz jsou rovn\u00e9 dozadu soub\u011b\u017en\u011b s t\u011blem . Zaj\u00edmavost\u00ed tohoto horsk\u00e9ho zv\u00ed\u0159ete je, \u017ee kdy\u017e se dostane do \u00fazk\u00fdch, p\u0159esko\u010d\u00ed v\u00e1s odrazem z m\u00edsta p\u0159es hlavu, bez nejmen\u0161\u00edho probl\u00e9mu. M\u00e1te tedy u n\u00e1s opravdu jedine\u010dnou mo\u017enost si toto vz\u00e1cn\u00e9 zv\u00ed\u0159e prohl\u00e9dnout zbl\u00edzka a nakrmit ho z ruky. Nejbli\u017e\u0161\u00ed m\u00edsto kde tyto kozy chovaj\u00ed je a\u017e ZOO Salzburg v Rakousku nebo ZOO Bojnice u na\u0161ich slovensk\u00fdch soused\u016f. V na\u0161em chovu m\u00e1me je\u0161t\u011b jednu raritu co se kozy divok\u00e9 t\u00fd\u010de. Tou je tmav\u00e1 forma bezoarov\u00e9 kozy, co\u017e je v r\u00e1mci druhu tak\u00e9 velmi vz\u00e1cn\u00fd a ojedin\u011bl\u00fd jev.<\/span><\/td>\n<\/tr>\n<tr>\n<td style=\"width: 560.5px;\" valign=\"top\" height=\"139\"><img decoding=\"async\" class=\"size-full wp-image-921 aligncenter\" src=\"http:\/\/zoocentrumsrdov.cz\/wp-content\/uploads\/2018\/09\/DSC02971_01.jpg\" alt=\"\" width=\"1000\" height=\"665\" srcset=\"https:\/\/zoocentrumsrdov.cz\/wp-content\/uploads\/2018\/09\/DSC02971_01-200x133.jpg 200w, https:\/\/zoocentrumsrdov.cz\/wp-content\/uploads\/2018\/09\/DSC02971_01-300x200.jpg 300w, https:\/\/zoocentrumsrdov.cz\/wp-content\/uploads\/2018\/09\/DSC02971_01-400x266.jpg 400w, https:\/\/zoocentrumsrdov.cz\/wp-content\/uploads\/2018\/09\/DSC02971_01-600x399.jpg 600w, https:\/\/zoocentrumsrdov.cz\/wp-content\/uploads\/2018\/09\/DSC02971_01-768x511.jpg 768w, https:\/\/zoocentrumsrdov.cz\/wp-content\/uploads\/2018\/09\/DSC02971_01-800x532.jpg 800w, https:\/\/zoocentrumsrdov.cz\/wp-content\/uploads\/2018\/09\/DSC02971_01.jpg 1000w\" sizes=\"(max-width: 1000px) 100vw, 1000px\" \/><\/td>\n<td style=\"width: 570.515625px;\"><img decoding=\"async\" class=\"wp-image-1198 aligncenter\" src=\"http:\/\/zoocentrumsrdov.cz\/wp-content\/uploads\/2018\/09\/42663268_531408420616764_6087461709323173888_n.jpg\" alt=\"\" width=\"274\" height=\"365\" srcset=\"https:\/\/zoocentrumsrdov.cz\/wp-content\/uploads\/2018\/09\/42663268_531408420616764_6087461709323173888_n-200x267.jpg 200w, https:\/\/zoocentrumsrdov.cz\/wp-content\/uploads\/2018\/09\/42663268_531408420616764_6087461709323173888_n-225x300.jpg 225w, https:\/\/zoocentrumsrdov.cz\/wp-content\/uploads\/2018\/09\/42663268_531408420616764_6087461709323173888_n-400x533.jpg 400w, https:\/\/zoocentrumsrdov.cz\/wp-content\/uploads\/2018\/09\/42663268_531408420616764_6087461709323173888_n-600x800.jpg 600w, https:\/\/zoocentrumsrdov.cz\/wp-content\/uploads\/2018\/09\/42663268_531408420616764_6087461709323173888_n-750x1000.jpg 750w, https:\/\/zoocentrumsrdov.cz\/wp-content\/uploads\/2018\/09\/42663268_531408420616764_6087461709323173888_n-768x1024.jpg 768w, https:\/\/zoocentrumsrdov.cz\/wp-content\/uploads\/2018\/09\/42663268_531408420616764_6087461709323173888_n-800x1067.jpg 800w, https:\/\/zoocentrumsrdov.cz\/wp-content\/uploads\/2018\/09\/42663268_531408420616764_6087461709323173888_n-1200x1600.jpg 1200w, https:\/\/zoocentrumsrdov.cz\/wp-content\/uploads\/2018\/09\/42663268_531408420616764_6087461709323173888_n-1500x2000.jpg 1500w, https:\/\/zoocentrumsrdov.cz\/wp-content\/uploads\/2018\/09\/42663268_531408420616764_6087461709323173888_n.jpg 1536w\" sizes=\"(max-width: 274px) 100vw, 274px\" \/><\/td>\n<\/tr>\n<tr>\n<td style=\"width: 1137.015625px;\" colspan=\"2\" valign=\"top\" height=\"147\">\n<h3><\/h3>\n<h3><span style=\"color: #ffffff;\">Muflon<\/span><\/h3>\n<p><span style=\"color: #ffffff;\">Je na\u0161e pom\u011brn\u011b roz\u0161\u00ed\u0159en\u00e9 zv\u00ed\u0159e, kter\u00e9 bylo kolem 16. stolet\u00ed dovezeno ze st\u0159edomo\u0159\u00ed pro zpest\u0159en\u00ed tehdy \u0161lechtick\u00fdch obor. Rohy samc\u016f dor\u016fstaj\u00ed tak\u00e9 \u00factyhodn\u00fdch rozm\u011br\u016f. To byl hlavn\u00ed d\u016fvod dovozu muflona<\/span><br \/>\n<span style=\"color: #ffffff;\">a t\u00edm roz\u0161\u00ed\u0159en\u00ed trofejov\u011b zaj\u00edmav\u00e9 zv\u011b\u0159e. Muflon\u016fm se v \u010cR velmi da\u0159\u00ed a pat\u0159\u00edme, nebo pravd\u011bpodobn\u011b i jsme nejlep\u0161\u00ed zem\u00ed na sv\u011bt\u011b, co se muflon\u00edch trofej\u00ed t\u00fd\u010de. Bohu\u017eel se op\u011bt oz\u00fdvaj\u00ed r\u00e1doby ochr\u00e1nci p\u0159\u00edrody a tvrd\u00ed, \u017ee muflon nen\u00ed n\u00e1\u0161 p\u016fvodn\u00ed druh a \u017ee k n\u00e1m do p\u0159\u00edrody nepat\u0159\u00ed. Douf\u00e1m a pevn\u011b v\u011b\u0159\u00edm, \u017ee je dnes, v souvislosti s muflonem, u\u017e nikdo neposlouch\u00e1 a \u017ee k jejich vyst\u0159\u00edlen\u00ed nedojde. Muflon je velmi kr\u00e1sn\u00e9 zv\u00ed\u0159e a mysl\u00edm, \u017ee pokud u n\u00e1s \u017eije mnoho stalet\u00ed, m\u011bli bychom toto respektovat a nechovat se k t\u00e9to zv\u011b\u0159i tak surov\u011b. Vid\u011bt dva berany v \u0159\u00edji p\u0159i souboji, pat\u0159\u00ed k neopakovateln\u00fdm z\u00e1\u017eitk\u016fm.<\/span><\/td>\n<\/tr>\n<tr>\n<td style=\"width: 560.5px;\" valign=\"top\" height=\"93\"><img decoding=\"async\" class=\"alignnone size-full wp-image-922\" src=\"http:\/\/zoocentrumsrdov.cz\/wp-content\/uploads\/2018\/09\/DSC03331_01.jpg\" alt=\"\" width=\"1000\" height=\"684\" srcset=\"https:\/\/zoocentrumsrdov.cz\/wp-content\/uploads\/2018\/09\/DSC03331_01-200x137.jpg 200w, https:\/\/zoocentrumsrdov.cz\/wp-content\/uploads\/2018\/09\/DSC03331_01-300x205.jpg 300w, https:\/\/zoocentrumsrdov.cz\/wp-content\/uploads\/2018\/09\/DSC03331_01-400x274.jpg 400w, https:\/\/zoocentrumsrdov.cz\/wp-content\/uploads\/2018\/09\/DSC03331_01-600x410.jpg 600w, https:\/\/zoocentrumsrdov.cz\/wp-content\/uploads\/2018\/09\/DSC03331_01-768x525.jpg 768w, https:\/\/zoocentrumsrdov.cz\/wp-content\/uploads\/2018\/09\/DSC03331_01-800x547.jpg 800w, https:\/\/zoocentrumsrdov.cz\/wp-content\/uploads\/2018\/09\/DSC03331_01.jpg 1000w\" sizes=\"(max-width: 1000px) 100vw, 1000px\" \/><\/td>\n<td style=\"width: 570.515625px;\"><\/td>\n<\/tr>\n<tr>\n<td style=\"width: 1137.015625px;\" colspan=\"2\" valign=\"top\" height=\"180\">\n<h3><\/h3>\n<h3><span style=\"color: #ffffff;\">Srnec obecn\u00fd<\/span><\/h3>\n<p><span style=\"color: #ffffff;\">Srn\u010d\u00ed zv\u011b\u0159 je na\u0161\u00ed nejpo\u010detn\u011bj\u0161\u00ed a nejb\u011b\u017en\u011bj\u0161\u00ed sp\u00e1rkatou zv\u011b\u0159\u00ed. \u017dije na cel\u00e9m \u00fazem\u00ed \u010desk\u00e9ho st\u00e1tu. Pat\u0159\u00ed tak\u00e9 k na\u0161\u00ed nejkr\u00e1sn\u011bj\u0161\u00ed sp\u00e1rkat\u00e9 zv\u011b\u0159i. V l\u00e9t\u011b je rezav\u011b a\u017e do\u010dervena zbarven\u00e1, v zim\u011b je \u0161edav\u011b hn\u011bd\u00e1. Jej\u00ed chov je ale bohu\u017eel nejslo\u017eit\u011bj\u0161\u00ed. Srn\u010d\u00ed zv\u011b\u0159 si toti\u017e neum\u00ed (respektive um\u00ed, ale v nedosta\u010duj\u00edc\u00ed m\u00ed\u0159e), sama vytv\u00e1\u0159et v t\u011ble vitam\u00edny, jen\u017e jsou pro ka\u017ed\u00fd \u017eiv\u00fd organismus nepostradateln\u00e9. Je proto pot\u0159eba jim celoro\u010dn\u011b zajistit velmi pestrou stravu bohatou na vitam\u00edny a miner\u00e1ln\u00ed l\u00e1tky ale tak\u00e9 vl\u00e1kninu. Mus\u00edme b\u011bhem roku zaji\u0161\u0165ovat \u010derstv\u00e9 listy r\u016fzn\u00fdch strom\u016f, r\u016fzn\u00e9 byliny, ovoce, v zim\u011b potom su\u0161en\u00e9 \u0161\u00edpky, je\u0159abiny, letninu, bezinky a mnoho jin\u00fdch srn\u010d\u00edch pochutin. Odm\u011bnou za tuto na\u0161i denn\u00ed p\u00e9\u010di je st\u00e1l\u00e1 mo\u017enost pot\u011b\u0161it se pohledem zbl\u00edzka na na\u0161i kr\u00e1snou zv\u011b\u0159.<\/span><\/td>\n<\/tr>\n<tr>\n<td style=\"width: 560.5px;\" valign=\"top\" height=\"93\"><img decoding=\"async\" class=\"alignnone size-full wp-image-918\" src=\"http:\/\/zoocentrumsrdov.cz\/wp-content\/uploads\/2018\/09\/DSC02508_01.jpg\" alt=\"\" width=\"1000\" height=\"636\" srcset=\"https:\/\/zoocentrumsrdov.cz\/wp-content\/uploads\/2018\/09\/DSC02508_01-200x127.jpg 200w, https:\/\/zoocentrumsrdov.cz\/wp-content\/uploads\/2018\/09\/DSC02508_01-300x191.jpg 300w, https:\/\/zoocentrumsrdov.cz\/wp-content\/uploads\/2018\/09\/DSC02508_01-400x254.jpg 400w, https:\/\/zoocentrumsrdov.cz\/wp-content\/uploads\/2018\/09\/DSC02508_01-600x382.jpg 600w, https:\/\/zoocentrumsrdov.cz\/wp-content\/uploads\/2018\/09\/DSC02508_01-768x488.jpg 768w, https:\/\/zoocentrumsrdov.cz\/wp-content\/uploads\/2018\/09\/DSC02508_01-800x509.jpg 800w, https:\/\/zoocentrumsrdov.cz\/wp-content\/uploads\/2018\/09\/DSC02508_01.jpg 1000w\" sizes=\"(max-width: 1000px) 100vw, 1000px\" \/><\/td>\n<td style=\"width: 570.515625px;\"><img decoding=\"async\" class=\" wp-image-1217 aligncenter\" src=\"http:\/\/zoocentrumsrdov.cz\/wp-content\/uploads\/2018\/09\/42773393_470694290082303_5963673712401055744_n.jpg\" alt=\"\" width=\"366\" height=\"548\" srcset=\"https:\/\/zoocentrumsrdov.cz\/wp-content\/uploads\/2018\/09\/42773393_470694290082303_5963673712401055744_n-200x300.jpg 200w, https:\/\/zoocentrumsrdov.cz\/wp-content\/uploads\/2018\/09\/42773393_470694290082303_5963673712401055744_n-400x599.jpg 400w, https:\/\/zoocentrumsrdov.cz\/wp-content\/uploads\/2018\/09\/42773393_470694290082303_5963673712401055744_n-600x899.jpg 600w, https:\/\/zoocentrumsrdov.cz\/wp-content\/uploads\/2018\/09\/42773393_470694290082303_5963673712401055744_n-667x1000.jpg 667w, https:\/\/zoocentrumsrdov.cz\/wp-content\/uploads\/2018\/09\/42773393_470694290082303_5963673712401055744_n-768x1151.jpg 768w, https:\/\/zoocentrumsrdov.cz\/wp-content\/uploads\/2018\/09\/42773393_470694290082303_5963673712401055744_n-800x1199.jpg 800w, https:\/\/zoocentrumsrdov.cz\/wp-content\/uploads\/2018\/09\/42773393_470694290082303_5963673712401055744_n.jpg 1125w\" sizes=\"(max-width: 366px) 100vw, 366px\" \/><\/td>\n<\/tr>\n<tr>\n<td style=\"width: 1137.015625px;\" colspan=\"2\" valign=\"top\" height=\"69\"><span style=\"color: #ffffff;\">D\u00e1le si u n\u00e1s m\u016f\u017eete prohl\u00e9dnout n\u011bkter\u00e9 druhy pernat\u00e9 zv\u011b\u0159e, jako je kanadsk\u00fd divok\u00fd krocan.<\/span><\/p>\n<p><img decoding=\"async\" class=\"wp-image-1132 alignleft\" src=\"http:\/\/zoocentrumsrdov.cz\/wp-content\/uploads\/2018\/09\/IMG_0051.jpg\" alt=\"\" width=\"545\" height=\"727\" srcset=\"https:\/\/zoocentrumsrdov.cz\/wp-content\/uploads\/2018\/09\/IMG_0051-200x267.jpg 200w, https:\/\/zoocentrumsrdov.cz\/wp-content\/uploads\/2018\/09\/IMG_0051-225x300.jpg 225w, https:\/\/zoocentrumsrdov.cz\/wp-content\/uploads\/2018\/09\/IMG_0051-400x533.jpg 400w, https:\/\/zoocentrumsrdov.cz\/wp-content\/uploads\/2018\/09\/IMG_0051-600x800.jpg 600w, https:\/\/zoocentrumsrdov.cz\/wp-content\/uploads\/2018\/09\/IMG_0051-750x1000.jpg 750w, https:\/\/zoocentrumsrdov.cz\/wp-content\/uploads\/2018\/09\/IMG_0051-768x1024.jpg 768w, https:\/\/zoocentrumsrdov.cz\/wp-content\/uploads\/2018\/09\/IMG_0051-800x1067.jpg 800w, https:\/\/zoocentrumsrdov.cz\/wp-content\/uploads\/2018\/09\/IMG_0051-1200x1600.jpg 1200w, https:\/\/zoocentrumsrdov.cz\/wp-content\/uploads\/2018\/09\/IMG_0051-1500x2000.jpg 1500w, https:\/\/zoocentrumsrdov.cz\/wp-content\/uploads\/2018\/09\/IMG_0051.jpg 3024w\" sizes=\"(max-width: 545px) 100vw, 545px\" \/> <img decoding=\"async\" class=\"wp-image-1137 alignleft\" src=\"http:\/\/zoocentrumsrdov.cz\/wp-content\/uploads\/2018\/09\/IMG_0048.jpg\" alt=\"\" width=\"544\" height=\"725\" srcset=\"https:\/\/zoocentrumsrdov.cz\/wp-content\/uploads\/2018\/09\/IMG_0048-200x267.jpg 200w, https:\/\/zoocentrumsrdov.cz\/wp-content\/uploads\/2018\/09\/IMG_0048-225x300.jpg 225w, https:\/\/zoocentrumsrdov.cz\/wp-content\/uploads\/2018\/09\/IMG_0048-400x533.jpg 400w, https:\/\/zoocentrumsrdov.cz\/wp-content\/uploads\/2018\/09\/IMG_0048-600x800.jpg 600w, https:\/\/zoocentrumsrdov.cz\/wp-content\/uploads\/2018\/09\/IMG_0048-750x1000.jpg 750w, https:\/\/zoocentrumsrdov.cz\/wp-content\/uploads\/2018\/09\/IMG_0048-768x1024.jpg 768w, https:\/\/zoocentrumsrdov.cz\/wp-content\/uploads\/2018\/09\/IMG_0048-800x1067.jpg 800w, https:\/\/zoocentrumsrdov.cz\/wp-content\/uploads\/2018\/09\/IMG_0048-1200x1600.jpg 1200w, https:\/\/zoocentrumsrdov.cz\/wp-content\/uploads\/2018\/09\/IMG_0048-1500x2000.jpg 1500w, https:\/\/zoocentrumsrdov.cz\/wp-content\/uploads\/2018\/09\/IMG_0048.jpg 3024w\" sizes=\"(max-width: 544px) 100vw, 544px\" \/><\/td>\n<\/tr>\n<\/tbody>\n<\/table>\n<\/div><div class=\"fusion-clearfix\"><\/div><\/div><\/div><\/div><\/div><div class=\"fusion-fullwidth fullwidth-box fusion-builder-row-2 fusion-parallax-none nonhundred-percent-fullwidth non-hundred-percent-height-scrolling\" style=\"--awb-background-position:left center;--awb-border-radius-top-left:0px;--awb-border-radius-top-right:0px;--awb-border-radius-bottom-right:0px;--awb-border-radius-bottom-left:0px;--awb-padding-top:7%;--awb-padding-bottom:7%;--awb-background-image:url(&quot;http:\/\/zoocentrumsrdov.cz\/wp-content\/uploads\/2018\/09\/IMG_0021.jpg&quot;);--awb-background-size:cover;--awb-flex-wrap:wrap;\" ><div class=\"fusion-builder-row fusion-row\"><div class=\"fusion-layout-column fusion_builder_column fusion-builder-column-1 fusion_builder_column_1_2 1_2 fusion-one-half fusion-column-first fusion-no-small-visibility\" style=\"--awb-bg-size:cover;width:50%;width:calc(50% - ( ( 4% ) * 0.5 ) );margin-right: 4%;\"><div class=\"fusion-column-wrapper fusion-flex-column-wrapper-legacy\"><div class=\"fusion-clearfix\"><\/div><\/div><\/div><div class=\"fusion-layout-column fusion_builder_column fusion-builder-column-2 fusion_builder_column_1_2 1_2 fusion-one-half fusion-column-last fusion-animated\" style=\"--awb-padding-top:40px;--awb-padding-right:40px;--awb-padding-bottom:40px;--awb-padding-left:40px;--awb-bg-color:#699935;--awb-bg-color-hover:#699935;--awb-bg-size:cover;--awb-border-color:#009933;--awb-border-top:15px;--awb-border-right:15px;--awb-border-bottom:15px;--awb-border-left:15px;--awb-border-style:solid;--awb-margin-top:40px;--awb-margin-bottom:40px;width:50%;width:calc(50% - ( ( 4% ) * 0.5 ) );\" data-animationType=\"slideInRight\" data-animationDuration=\"0.6\" data-animationOffset=\"top-into-view\"><div class=\"fusion-column-wrapper fusion-flex-column-wrapper-legacy\"><div class=\"fusion-title title fusion-title-1 fusion-sep-none fusion-title-center fusion-title-text fusion-title-size-two\" style=\"--awb-margin-bottom:10px;\"><h2 class=\"fusion-title-heading title-heading-center fusion-responsive-typography-calculated\" style=\"margin:0;--fontSize:40;line-height:1.2;\"><p style=\"text-align: center;\"><span style=\"color: #ffffff;\">T\u011a\u0160\u00cdME SE NA VA\u0160I N\u00c1V\u0160T\u011aVU<\/span><\/p><\/h2><\/div><div class=\"fusion-sep-clear\"><\/div><div class=\"fusion-separator\" style=\"margin-left: auto;margin-right: auto;margin-top:10px;margin-bottom:30px;width:100%;max-width:70%;\"><div class=\"fusion-separator-border sep-single sep-solid\" style=\"--awb-height:20px;--awb-amount:20px;--awb-sep-color:#006633;border-color:#006633;border-top-width:1px;\"><\/div><\/div><div class=\"fusion-sep-clear\"><\/div><div class=\"fusion-text fusion-text-2\"><p style=\"text-align: center;\"><span style=\"color: #ffffff;\">Na\u0161e zv\u00ed\u0159ata budou r\u00e1da kdy\u017e p\u0159inesete tvrd\u00fd chleba, ka\u0161tany, \u017ealudy, \u0161\u00edpky, je\u0159abiny, ovoce, zeleninu nebo usu\u0161en\u00e9 kop\u0159ivy, ostru\u017einy, maliny sv\u00e1zan\u00e9 do svazku. Chceme aby na\u0161e zv\u00ed\u0159ata m\u011bla co nejpest\u0159ej\u0161\u00ed stravu, v\u0161e co pot\u0159ebuj\u00ed k zdrav\u00e9mu \u017eivotu a reprodukci. Ka\u017edoro\u010dn\u00ed p\u0159\u00edr\u016fstky dokazuj\u00ed, \u017ee jim u n\u00e1s nic nechyb\u00ed. Pouze spokojen\u00e1 zv\u00ed\u0159ata se bez probl\u00e9m\u016f rozmno\u017euj\u00ed.<\/span><\/p>\n<\/div><div class=\"fusion-sep-clear\"><\/div><div class=\"fusion-separator\" style=\"margin-left: auto;margin-right: auto;margin-top:10px;margin-bottom:10px;width:100%;max-width:70%;\"><\/div><div class=\"fusion-sep-clear\"><\/div><div class=\"fusion-aligncenter\"><a class=\"fusion-button button-flat button-xlarge button-default fusion-button-default button-1 fusion-button-default-span fusion-button-default-type\" style=\"--button_text_transform:uppercase;\" target=\"_self\" href=\"https:\/\/zoocentrumsrdov.cz\/?page_id=756\"><span class=\"fusion-button-text\">Kontaktn\u00ed informace<\/span><\/a><\/div><div class=\"fusion-clearfix\"><\/div><\/div><\/div><\/div><\/div><\/p>\n","protected":false},"excerpt":{"rendered":"","protected":false},"author":1,"featured_media":0,"parent":0,"menu_order":0,"comment_status":"closed","ping_status":"closed","template":"100-width.php","meta":{"footnotes":""},"_links":{"self":[{"href":"https:\/\/zoocentrumsrdov.cz\/index.php?rest_route=\/wp\/v2\/pages\/24"}],"collection":[{"href":"https:\/\/zoocentrumsrdov.cz\/index.php?rest_route=\/wp\/v2\/pages"}],"about":[{"href":"https:\/\/zoocentrumsrdov.cz\/index.php?rest_route=\/wp\/v2\/types\/page"}],"author":[{"embeddable":true,"href":"https:\/\/zoocentrumsrdov.cz\/index.php?rest_route=\/wp\/v2\/users\/1"}],"replies":[{"embeddable":true,"href":"https:\/\/zoocentrumsrdov.cz\/index.php?rest_route=%2Fwp%2Fv2%2Fcomments&post=24"}],"version-history":[{"count":13,"href":"https:\/\/zoocentrumsrdov.cz\/index.php?rest_route=\/wp\/v2\/pages\/24\/revisions"}],"predecessor-version":[{"id":1249,"href":"https:\/\/zoocentrumsrdov.cz\/index.php?rest_route=\/wp\/v2\/pages\/24\/revisions\/1249"}],"wp:attachment":[{"href":"https:\/\/zoocentrumsrdov.cz\/index.php?rest_route=%2Fwp%2Fv2%2Fmedia&parent=24"}],"curies":[{"name":"wp","href":"https:\/\/api.w.org\/{rel}","templated":true}]}}